pose -20 = -3*r + 2*f, 0 = x*r - 0*r - f - 12. Suppose 5*d - d = r*w - 8, 2*w = 3*d. What are the prime factors of w?
2, 3
Suppose 5*t - 4*a = 3, 5*a + 7 = 3*t - 0. Let g be (-5)/10 - t/2. Suppose g = -p + 4 + 6. List the prime factors of p.
2, 5
Let v(d) = 2*d + 3. What are the prime factors of v(10)?
23
Let v = -9 - -12. Suppose 0 = 3*b + j - 0*j - 25, -j - 29 = -v*b. What are the prime factors of b?
3
Suppose -n = 3*y - 18, 0 = -3*y + 8*y + 25. What are the prime factors of n?
3, 11
List the prime factors of 415/(-15)*3*(-2 - -1).
83
Let q(v) = 6*v**2 + 14*v - 12. What are the prime factors of q(5)?
2, 13
Let s = 340 - 74. List the prime factors of s.
2, 7, 19
Suppose 5*w = -12 + 32. Suppose -m + w*m = -9, 4*i + 3 = -5*m. Suppose i*q - 10 = v, 2*v = 2*q - 20 + 8. List the prime factors of q.
2
Let y = 7 - 2. Let a = y - 2. List the prime factors of a.
3
List the prime factors of 18/45 - (-4329)/15.
17
Suppose -7*d - 20*d + 1323 = 0. What are the prime factors of d?
7
Let i(w) = -7*w**2 + 6*w - 13. Let l(c) = c**2 + c. Let r(v) = i(v) + 6*l(v). Let d be (20/6)/((-1)/(-3)). List the prime factors of r(d).
7
Suppose -2*g - 3 = -61. List the prime factors of g.
29
Let w = 79 + -33. Let t be w/8 - (-5)/20. Let z = 10 - t. List the prime factors of z.
2
Suppose 0 = 5*l - 20, -5*j = -3*j + 3*l - 42. Let s = j + 8. Suppose 3*c - 46 - s = 0. What are the prime factors of c?
23
Suppose 0 = -5*m + 4*h + 707, 7*m - 2*m + h - 692 = 0. List the prime factors of m.
139
Suppose 4*r + 42 - 17 = 3*c, 3*c - 9 = 0. Let l(h) = h**3 + 6*h**2 + h + 3. What are the prime factors of l(r)?
31
Let k = -23 - -14. Let o(x) = -x**3 - 9*x**2 - 2*x - 7. What are the prime factors of o(k)?
11
Let k be -4*-1*(-1)/(-2). Suppose 2*t = -3*w - 24, k*t + 0*t = w. What are the prime factors of -1 + (-8)/6*w?
7
Suppose 2*w - 3*w + 14 = 0. Suppose 4*m - 60 = -2*l, 5*l - 108 = 4*m - w. What are the prime factors of l?
2, 11
Suppose -22 = -9*m + 1265. List the prime factors of m.
11, 13
Let v(m) = m**3 - m**2 + m. Let r be v(2). List the prime factors of 16/r*(3 + 0).
2
Suppose -258 = 3*s - 0*s - 4*h, -3*h = -5*s - 441. Let q = 6 + -11. What are the prime factors of ((-2)/(-4))/(q/s)?
3
Suppose 5*h = 2*h. Suppose -d + 2 - 10 = h. Let m(j) = -j. What are the prime factors of m(d)?
2
Let b(w) = 5 + 2 - 11*w + 0*w**2 + w - w**2. List the prime factors of b(-9).
2
Suppose 3*s - 3 - 1 = -2*b, 5*s - 5*b = -35. List the prime factors of -2*(15/s - -3).
3
Suppose d - 5 = 2*d. What are the prime factors of -2 + 0 + (d - -27)?
2, 5
Suppose 3*n - 2*a = 310, n + 0*a - 5*a - 99 = 0. What are the prime factors of n?
2, 13
Let k(t) = t**3 - 8*t**2 - 9*t + 2. Let q be k(9). Suppose 5*m - q*j - 26 = 0, 0*j + 14 = 3*m - 2*j. What are the prime factors of m?
2, 3
Suppose 5*q + 4*z = 36, q + 3*z - 5*z - 10 = 0. What are the prime factors of q?
2
Suppose -6*b = -76 - 542. What are the prime factors of b?
103
What are the prime factors of 2/(-8) - (-595)/28?
3, 7
Let x(z) = -z**2 + z. Let j = -2 + 6. Let u be x(j). Let c = -3 - u. List the prime factors of c.
3
Let m(u) = 5*u + 2. Let s(i) = 1. Let q(a) = -a**2 - 6*a - 6. Let b(h) = q(h) + 3*s(h). Let g be b(-5). What are the prime factors of m(g)?
2, 3
Suppose -3*u + 8*u = 5. Let o = u + 7. What are the prime factors of o?
2
Suppose -j - 2*j + 18 = 3*g, -g + 3*j + 2 = 0. Suppose g*s + 0*y - 3*y = -111, -3*y = -6. List the prime factors of (-153)/s - (-2)/(-7).
7
Let k be 2/1*4/8. List the prime factors of 3 + -4 + k + 40.
2, 5
Let g(i) = -i**2 + 4*i - 1. Let w be g(2). List the prime factors of (-5)/(-5)*w*2.
2, 3
Suppose 0 = -5*c - m + 594, 3*c + c - 471 = -5*m. List the prime factors of c.
7, 17
Let l be 260/(-24) + 1/(-6). Let q = 14 + l. Let i = 4 + q. What are the prime factors of i?
7
Let u(g) = 5*g - 35. What are the prime factors of u(18)?
5, 11
List the prime factors of (38 - 4)*(-9)/(-6).
3, 17
Let i(a) = a**3 - a**2 + 37. What are the prime factors of i(0)?
37
Let g(p) = p + 10. Let d be g(-7). Suppose h - d*h = -52. List the prime factors of h.
2, 13
Suppose 0 = -3*m - 4 + 13. Let a be (-2)/(-11) + (-595)/187. What are the prime factors of (m/1)/a + 5?
2
List the prime factors of (-33)/(-1)*(-1 + 2).
3, 11
Let d(m) = -m**2 - 5*m - 1. Suppose 2*a + 20 = -2*a. Let s be d(a). List the prime factors of s*1*-9 + -2.
7
Suppose 0 = 4*j + 2*t - 38, -2*j = 5*t + 3 - 18. Suppose -68 = -j*x + 6*x. List the prime factors of x.
17
Let p = -6 - -10. Suppose 0*v - 2*b = -5*v + 36, 0 = -2*v - p*b. List the prime factors of v.
2, 3
Suppose l - 5 = 0, r - 2*l - 2 = -12. Suppose 0 = -o + 3*h + 3 - 0, -3*o + 17 = -h. Let p = o + r. List the prime factors of p.
2, 3
Suppose 3*t = 6*t. Suppose -4*b + 4*w = t, -5*w = 2*b - w - 24. What are the prime factors of b?
2
Let y(z) = z**2 - 2*z + 2. Let o be y(5). Let v = -6 + o. Suppose -5*w + v - 1 = 0. What are the prime factors of w?
2
Suppose -5*j - h = -532, 3*j - 2*h - 314 = -0*h. List the prime factors of j.
2, 53
Suppose 9*o - 4*o - 170 = 0. Let s = o + -10. What are the prime factors of s?
2, 3
Let v(u) be the second derivative of -5*u**3/6 - 8*u**2 + 2*u. List the prime factors of v(-12).
2, 11
Let t be (-4)/3*(-6)/4. What are the prime factors of t - -1 - (-4)/2?
5
Let r be 1/(-1 - (-6)/9). Let j be (r - -1)/((-1)/(-2)). Let f(y) = y**3 + 4*y**2 - y + 5. List the prime factors of f(j).
3
Let i = 23 + -16. Suppose k + 0*k = i. What are the prime factors of 88/14 - 2/k?
2, 3
Let i(j) = j**3 + j**2 - j - 2. What are the prime factors of i(2)?
2
Let m = 1 - 1. Suppose -b + j = -14, m = 5*b - 2*b + j - 26. What are the prime factors of b?
2, 5
Suppose -j - 5*m + 21 = 0, -3*m = -3*j - 5*m + 24. Suppose -8*i + 32 = -j*i. What are the prime factors of i?
2
Let y(q) = -6*q**2 - 5*q + 60. Let n(f) = -f**2 - f + 12. Let p(z) = 11*n(z) - 2*y(z). List the prime factors of p(0).
2, 3
Suppose 0 = 12*j - 679 - 2789. List the prime factors of j.
17
Suppose 3*v - j + 14 = 197, -4*v - 5*j + 263 = 0. List the prime factors of v.
2, 31
Suppose 5*h = 1 + 14. Suppose 41 + h = 4*d. List the prime factors of d.
11
Let w(s) = -s**3 + 3*s**2 + 4*s + 5. Let x = -11 - -15. What are the prime factors of w(x)?
5
Suppose 5*s - 16 = -3*i - 7, 0 = -2*i + 5*s + 6. Let c = 5 + i. What are the prime factors of c?
2
Suppose 0*z + 125 = 4*z - 3*j, z = -2*j + 34. List the prime factors of z.
2
Suppose 2*q = 4*i + 52, 114 = 3*q + 4*i - i. Let g = -24 + q. List the prime factors of g.
2, 5
Let l = 8 + -3. Let t = -2 + l. Suppose 0 = -t*d + d + 6. What are the prime factors of d?
3
Let c be -1 - -2 - (2 + -3). Let r be (-4 - 0) + c - -2. What are the prime factors of (r + 8*1)/2?
2
Suppose -2721 = -10*c + 569. List the prime factors of c.
7, 47
Suppose 0 = b - 2*b - 6. List the prime factors of (-6 - 6)*b/4.
2, 3
Let f(p) = 3*p**3 + p**2 + p + 1. Let z be f(-1). Let y(x) = 6*x**3 - x**2 - 3*x - 3. Let n be y(z). Let o = n + 69. List the prime factors of o.
2, 5
Suppose 0 = -f + 4 + 2. Suppose -v + 6 = -c, -2*v - f*c + 2*c = 12. What are the prime factors of (v - 1) + 11 + 0?
2, 3
Let k(j) = j**2 + j. What are the prime factors of k(4)?
2, 5
Let w be (1*6)/(1 + 0). What are the prime factors of (-8)/w*(-54)/6?
2, 3
Let n(j) = j**3 + 9*j**2 + 8*j + 10. Suppose 5*i - 6 + 46 = 0. Let m be n(i). Let g(w) = w**3 - 9*w**2 - 8*w - 9. List the prime factors of g(m).
11
Let v = 8 - 6. Let m(a) = 2*a - 5*a + 1 + 4*a + 3*a. List the prime factors of m(v).
3
Let l(d) = -d - 2*d**2 - 1 + d**2 + 3*d**2. List the prime factors of l(3).
2, 7
Suppose -3*u + 502 = 61. What are the prime factors of u?
3, 7
Let x(h) = -6*h - 6. Let v be x(-6). Suppose -j + t + v = -0*j, 3*j - 120 = -3*t. Suppose k + 4*k - j = 0. List the prime factors of k.
7
Suppose -q - 2*q + 6 = 0. Suppose q*m - 34 = -0*m. What are the prime factors of m?
17
Let u be 253/5 - (-6)/15. Suppose 5*l - 2 = -2*g + 7, -l - u = -4*g. Let d = -6 + g. What are the prime factors of d?
2, 3
Let o(p) = 3*p - 15. What are the prime factors of o(13)?
2, 3
Suppose -c + 3*m = 2*c - 699, -4*m = 20. Suppose 0 = -4*w - 92 + c. Suppose 6 = 5*z - w. List the prime factors of z.
2
Let n = 3 + -6. Let v be 12/2*n/(-6). Suppose 0 = 5*a + 15, 2*a - 2 = -v*t + 2*t. What are the prime factors of t?
2
Suppose -4*f + 7*f - 207 =